= 2*w - k + 16. Let q = w - -9. Suppose -5*h = -q*a + a - 21, 0 = -2*a + 4*h. List the prime factors of a.
2, 3
What are the prime factors of 160/(-24) - -7 - 5552/(-3)?
3, 617
Let y = -3 - 29. Let p = 44 - y. List the prime factors of p.
2, 19
Suppose -25272 = -29*j + 5*j. What are the prime factors of j?
3, 13
Let m(p) = 2*p + 22. Let l be m(-8). Suppose l*x - 334 = 458. What are the prime factors of x?
2, 3, 11
Let q(b) = b**3 - 10*b**2 + 8*b - 5. Let f(z) = 2*z**2 + z. Let k be f(2). What are the prime factors of q(k)?
3, 5
Let q(v) = v**2 - 7*v + 4. What are the prime factors of q(16)?
2, 37
Suppose 6931 = 2*v + 5*c, 4*c + 0 = -4. List the prime factors of v.
2, 3, 17
Suppose 0 = 2*h - 5*w - 792, -h - 390 = -2*h + 4*w. Let b = -276 + h. List the prime factors of b.
2, 5, 13
Let t(f) be the third derivative of f**6/60 + f**5/30 + f**4/24 - 2*f**2. Let b be t(2). Suppose 0 = 2*g - 3*g + b. List the prime factors of g.
2, 13
Suppose 0 = 5*s - 3*s - 100. Suppose -4*m - s = 70. What are the prime factors of ((-3 - m) + 1)/2?
2, 7
Let z be (8/2)/(2/(-9)). Let i = -40 - z. Let f = -2 - i. What are the prime factors of f?
2, 5
Let a be (-46)/8 + 18/24. Let w(x) = -7*x**2 + 3*x**2 - 8 - 4*x - x**3 + x. List the prime factors of w(a).
2
Suppose -2*p - 1499 = -3*s, -4*s + 2*p + 2501 = s. What are the prime factors of s?
3, 167
Let a be 3 + ((-16)/4 - -73). Suppose 16*c - a = 12*c. What are the prime factors of c?
2, 3
Let b be (-2)/4*192/(-2). Let x = 103 - b. List the prime factors of x.
5, 11
Let z be (-22)/(-1 + (2 - 3)). Let r(f) = f**3 - 12*f**2 + 13*f - 7. Let b be r(z). Let n = b - 12. List the prime factors of n.
3
List the prime factors of 3 - (-437 - (4 + -3 + -1)).
2, 5, 11
Let r(k) = 5*k**2 + k + 4. Let x be r(-3). Let n = 118 - x. List the prime factors of n.
2, 3
Let i be ((-13)/2)/(8/(-32)). Let u be (2/(-5))/(2/70). Let s = i + u. List the prime factors of s.
2, 3
Let p = 907 + -249. What are the prime factors of p?
2, 7, 47
Let i(j) = -2662*j**3 + 3*j**2 + 3*j + 3. What are the prime factors of i(-1)?
5, 13, 41
Let f(p) = -4*p - p - 4 - 2*p - p. What are the prime factors of f(-6)?
2, 11
Suppose -32*p + 33978 + 25222 = 0. List the prime factors of p.
2, 5, 37
Suppose 3*k + 153 = 3*r, -55 = -2*r - k + 53. Let h = r + -22. List the prime factors of h + (-7)/((-7)/4).
5, 7
Let k = 1995 + -1278. List the prime factors of k.
3, 239
Let u(i) = 67*i - 26. List the prime factors of u(3).
5, 7
Let l(j) = 55*j**2 - 3*j - 24. What are the prime factors of l(-5)?
2, 683
Suppose -4*d + 0*d = 0. Let r(x) = 13*x - 10*x + d + 4. List the prime factors of r(6).
2, 11
Let f(t) = 6*t - 8. Let h(g) = g - 1. Let s(d) = f(d) - 5*h(d). Let o be s(6). What are the prime factors of (-96)/80*(-10)/o?
2
Let c(x) = 3*x + 50. Suppose h + 82 = 4*o, o = -3*h + 8*h + 11. List the prime factors of c(o).
113
Let r(m) = -m**2 - 8*m - 9. Let l be r(-6). Let c(y) be the third derivative of 3*y**4/8 - y**3 - 95*y**2 + 2. What are the prime factors of c(l)?
3, 7
Let i = -6690 + 9431. What are the prime factors of i?
2741
Let u be 6/15 + 1415/25. Suppose 21 = 2*s - u. What are the prime factors of s?
3, 13
Let p(u) = -3*u**3 + u**2 - 5*u + 5. Let b be p(2). Let w = 33 + b. List the prime factors of w.
2
Suppose -o = 4*o - 10. Let f = 75 - 46. Suppose o*s - 15 = f. List the prime factors of s.
2, 11
Suppose 0 = 3*o + 12, 5*o + 623 - 24293 = -5*m. List the prime factors of m.
2, 23, 103
Let i = 8 + -7. What are the prime factors of 150/i*(-4)/(8/(-2))?
2, 3, 5
Let n(s) = s**2 + 5*s + 2. Let i be n(-4). Let v be 11*(i - -7) - -1. Suppose 4*q = -0*k + k + 11, -4*k = 4*q - v. What are the prime factors of k?
3
Suppose -3*j - 3 = 3*b, 3*j + 4 + 2 = -4*b. Let a = 24 - b. Suppose 2*f - 81 - a = 0. List the prime factors of f.
2, 3
Suppose -3*h - 5*m = -9 - 44, 47 = 3*h - m. Suppose 4*r = 3*y + 15 + 57, 4*y = h. What are the prime factors of r?
3, 7
Suppose -5*c + 3*c + 4 = 0. What are the prime factors of 142/((c - -1) + -1)?
71
What are the prime factors of 16/((-176)/55) - (1 + -2346)?
2, 3, 5, 13
Let f(n) = -n**2 + 13*n + 5. Let d be f(10). List the prime factors of (-4)/10 + 1134/d.
2
Let t(m) = -m + 11. Let u be t(-14). Let i = u - 19. List the prime factors of (465/(-10))/(i/(-4)).
31
Suppose 3*j - 2727 = -3*r, -1402 + 5047 = 4*r + j. Let a = r - 620. What are the prime factors of a?
2, 73
Let n(d) = -430*d - 6. Let u be n(-2). Suppose -9*a + u = -2*a. What are the prime factors of a?
2, 61
Let m(f) = -f**3 + 46*f**2 + 43*f - 101. List the prime factors of m(46).
1877
Suppose -l = 4 - 17. Let n = l - -7. List the prime factors of n.
2, 5
Suppose 2*r - 3*d = 17, -r + d + 61 = 50. Let q(w) = -13*w - w**2 - w**2 + 3*w**2. List the prime factors of q(r).
2, 3
Suppose 5*d = 8*d + 9. What are the prime factors of 145 - 5/5*d?
2, 37
Let s(z) = -z**2 + 8*z - 5. Let x be s(7). Suppose x*c - 2 = -8. Let r(k) = -5*k - 2. List the prime factors of r(c).
13
List the prime factors of 3183 + ((-35)/(-21))/(10/36).
3, 1063
Suppose 2*c - 2*p = -7*p + 185, -4*c + p = -337. Suppose 3*v - 40 = -v + 2*q, 5*q - 50 = -5*v. List the prime factors of (-68)/c - (-128)/v.
2, 3
Let k = 169 + 21. Suppose k = 3*i - 4*v, 5 = -v + 2*v. Suppose 0 = 5*q - 0*q - i. List the prime factors of q.
2, 7
Suppose 0*h + h = 99. Suppose 4*w = 3 - h. What are the prime factors of (w/30)/((-2)/60)?
2, 3
Suppose 4*h - c - 4*c = 261, 0 = -3*h - c + 210. What are the prime factors of h?
3, 23
Suppose s - 24 = -s. Let a = -8 + s. Let y(r) = r**2 + 2*r + 6. List the prime factors of y(a).
2, 3, 5
What are the prime factors of (9611/(-28))/((-3)/12)?
1373
Let v = 106 - -255. What are the prime factors of v?
19
Let q(p) = 3*p**2 + 41*p + 252. What are the prime factors of q(-19)?
2, 139
Let j(l) = -l - 2. Let k be j(-6). What are the prime factors of 78/k*72/54?
2, 13
Suppose -n + t = -4*n + 17, 0 = 2*n + 2*t - 14. Suppose -n*j - 5*k = -355 - 125, j + 4*k - 99 = 0. List the prime factors of j.
5, 19
Suppose -4*a - 25 = -9*a. Let v = a + 20. List the prime factors of v.
5
Let v = 6 - 2. Suppose -2 = v*l - 14. What are the prime factors of l?
3
Let a(h) = -172*h - 5. Let t be a(-3). Suppose f - t = -0*f - s, -2*f + 1022 = 3*s. Suppose -4*n + f = 3*n. What are the prime factors of n?
73
Let x = 44 - -80. Let p = x - 22. List the prime factors of p.
2, 3, 17
Let h = 8 + -4. Suppose -3*o = -5*y - 0*o + 770, 0 = -h*y + 5*o + 603. List the prime factors of y.
157
Suppose 3*t + 5*n = 7789, n = t - 2330 - 253. List the prime factors of t.
2, 647
Let h = 3730 - 75. List the prime factors of h.
5, 17, 43
Let l(x) = x**2 - x + 17. Let z be l(13). Let h = z + -121. List the prime factors of h.
2, 13
Let j be -28*((-38)/(-8) + -5). List the prime factors of j + -4 + 184 - -2.
3, 7
Let c(t) = t**3 - 6*t**2 - t + 2. Let v(n) = n + 11. Let p be v(-4). What are the prime factors of c(p)?
2, 11
Suppose -738 - 4326 = -8*t. List the prime factors of t.
3, 211
What are the prime factors of -5079*(8/24)/(-2 - -1)?
1693
Suppose -3*s = -5*s + 10. Suppose -3*w + s*i = 2*i - 18, 4*i = -3*w + 4. Suppose -3*p = -6, -84 - 13 = -5*b + w*p. What are the prime factors of b?
3, 7
Suppose -5*c - 2*p - 4 + 24 = 0, 0 = 3*c - 3*p + 9. Suppose c*f = 3*u + 203, -5*f - u + 3 + 462 = 0. Suppose -4*d + 34 = -f. List the prime factors of d.
2
Let q be (-330)/(-77) - (-4)/(-14). Let r = 44 + q. What are the prime factors of r?
2, 3
Suppose 15708 = -0*t + 11*t. What are the prime factors of t?
2, 3, 7, 17
Suppose 273 = -6*q - 27. Let b = q + 107. List the prime factors of b.
3, 19
Suppose -19*d = -8*d - 1375. What are the prime factors of d?
5
Let n(x) = -x**3 + 13*x**2 + 8*x + 12. What are the prime factors of n(7)?
2, 181
Suppose 4*q = 6*q. Suppose q = -b + 273 - 56. List the prime factors of b.
7, 31
Let s(j) = j + 6. Let w be s(6). Suppose -q = -0*q - w. List the prime factors of q.
2, 3
Let x(y) = -y**3 - 6*y**2 + 7*y + 15. Let q(t) = t**3 - t**2 - 2*t + 1. Let d be q(-2). What are the prime factors of x(d)?
3, 5
Let f be -22*44/(-8)*-1. Let k = 265 + f. What are the prime factors of k?
2, 3
Suppose 4*r = -12*c + 11*c + 12172, 4*r = 4*c + 12152. What are the prime factors of r?
2, 3, 13
Let b = 3908 - 2608. What are the prime factors of b?
2, 5, 13
Let z(y) = -